 (-9 - -2)) + -7 + -3.
-12
Calculate -7 + -3 - (-7 + 16 - 21).
2
Evaluate 11 + (1 - ((10 - (10 - 2)) + -6)).
16
What is the value of (-2 - 1) + (-54 - -66) - (1 + -1)?
9
What is -11 + 41 + (4 - 17 - -7)?
24
What is the value of -184 + 170 + 1 + 9?
-4
-2 - (-2 + 3) - (-47 - -44)
0
What is the value of 1 + -3 + (10 - (10 - (-5 - 2)))?
-9
What is 5 + 4 - (22 - (-8 - 9))?
-30
What is -4 - (-3 + 0 - -1 - (-7 + 1))?
-8
Calculate (-12 - -2 - (60 + -61)) + 3.
-6
What is the value of (1 - -3) + -2 + 207 + -205 + -5?
-1
-11 + (-7 - (-16 + 6)) + 5 + 28
25
Calculate -12 + 7 + -1 + -6 - (-5 + -1).
-6
-6 + (5 + -1 + 4 + -2 - 11)
-11
Evaluate -7 + (8 - -1) + -47 + 42.
-3
5 + -16 + -3 + 5
-9
What is 7 + (1 - -1) + 2 - (-42 - -42)?
11
What is 5 + -1 + (4 - 10) + 7 + -24?
-19
(-9 - (8 - 7) - 6) + -3 + 5
-14
What is 5 + -7 + -11 + 16?
3
Calculate 34 + -42 + -7 + 2.
-13
Evaluate 6 - (-11 + 0 + (18 + -8 - -2)).
5
What is the value of 4 + (3 - 12) + -8?
-13
What is the value of 21 - (-6 - (-15 - -10 - 7))?
15
25 - 8 - 14 - 15 - -2
-10
(-74 - -104) + (-3 - 66)
-39
Evaluate -18 + 15 + (-4 + 7 + 12 - 2).
10
Calculate -26 + 15 + 9 + 9.
7
Calculate 19 + -9 + -5 - (5 + -12 + 22).
-10
Evaluate (-8 - (-12 + 10 - 9)) + -11.
-8
Calculate -28 + (27 - 14) + 14.
-1
-2 + -18 + -5 + 19
-6
What is the value of (2 - (-10 + 10 + -11 + 9)) + 17?
21
9 + 0 + -10 + 6 + 2
7
What is -7 - -5 - (-10 + (0 - (0 - 6)))?
2
What is the value of 38 + -21 - (-12 + 19)?
10
What is the value of (-24 - (9 - 17 - 12)) + -26?
-30
1 + (-1 - -1) + 1 - (90 + -92)
4
Calculate (3 + (-10 - 3) + 5 - 10) + -2.
-17
What is the value of 2 - 1 - (14 + (2 - 7)) - 5?
-13
What is the value of (1 - -18) + (44 - 48) + 8?
23
Evaluate -1 - ((3 + 5 - -7) + -11).
-5
-6 + 13 + -206 + 189
-10
-3 - 26 - (-3 - 15)
-11
What is -9 + -3 + 4 + 1 - 3?
-10
-11 + ((-3 - 3) + 4 - 5)
-18
Evaluate -3 + 14 - (2 - -5).
4
Calculate -14 - (-17 - -5 - -7 - 6).
-3
What is -4 - (-5 - (1 + -1 - (-31 - -30)))?
2
What is 30 + -40 - (-4 - (-17 + 1))?
-22
-11 - (-15 - 14) - 29
-11
What is the value of 26 + ((-7 - 7 - 1) + 5 - -3)?
19
Calculate -4 + (-6 + (10 - (-10 - 9)) - 0).
19
What is the value of 28 + -16 + 1 + 2 - (0 - -4)?
11
Evaluate (33 - 30) + -33 + 24.
-6
What is the value of (0 - (0 + 2)) + -13 + 3 - -6?
-6
Calculate (-15 - -2) + 29 - 28.
-12
What is -21 - -20 - (3 - (-1 - 3 - -4))?
-4
What is 24 + -17 + 15 + 11 - 5?
28
What is the value of 12 + (114 - 108) + 0 + 0?
18
What is -71 + 80 - (-4 - (-29 + 1))?
-15
-14 - (-1 + -19 + 1)
5
What is the value of (-2 + -3 + 5 - 20) + 8?
-12
Calculate 1 - (4 + 4 + -2) - 1.
-6
6 - (-2 + 21 - (4 - (14 - 20)))
-3
What is (5 - 2) + -2 - (-31 - (15 - 49))?
-2
What is the value of -5 - (0 - (6 - 15))?
-14
Evaluate 10 + (-15 - -8) - (2 - 2).
3
-3 + 11 - 30 - (-8 - 1)
-13
What is 4 + 11 + -2 + -7 + -2?
4
What is -10 + -4 - (2 - (-27 + 49))?
6
Evaluate -4 - (-18 - -12 - -5).
-3
What is (-14 - 1) + 12 + (2 - 4)?
-5
What is 13 + -3 + 1 + (-5 - -12) + -12?
6
Calculate 6 + 6 - 7 - (9 + -1).
-3
Evaluate 14 - (3 + -17 + 9 + 2).
17
Evaluate -5 + (3 + -5 - -7) + -4 + 19.
15
Calculate 1 + -9 + 653 + -666.
-21
(-117 - -107) + (2 - -8)
0
Evaluate (-1 - (-4 + 1)) + (22 - 11 - 21).
-8
Evaluate (-21 - (-22 + 8)) + 5.
-2
What is the value of 26 + 1 + -11 + -14?
2
Evaluate 12 + (-3 - -5) + 6 + -1 + 3.
22
What is the value of 1 + 1 - ((-9 - 0) + (69 - 57))?
-1
Evaluate -66 - ((28 - 3) + -51).
-40
What is the value of -3 + ((-32 - -13) + -4 - -1)?
-25
10 + 7 - 24 - -13
6
What is the value of -9 + (14 + 3 - 4) + -8?
-4
(-24 - -21) + (14 - -3) + -4
10
(2 - -1) + 28 + -31 + 9
9
Calculate -21 + (-1 + 0 - -9 - (-522 + 533)).
-24
Calculate 7 + (-19 + 1 + -5 - 7).
-23
Evaluate -13 + 0 - -6 - -2.
-5
Evaluate -1 + (7 - -8) - 12.
2
Calculate 6 + -3 + (-3 - (-7 + 13)) - -18.
12
What is -9 + 32 + -18 + (1 + 5 - -6)?
17
What is 0 + 6 + -5 + 7 + -13 - -1?
-4
What is the value of 7 + (3 - (-3 + 6))?
7
2 + 2 + (-2 - (1 - (1 + 0)))
2
What is 20 + 6 + 11 + -5 + -20 + 5?
17
What is the value of 12 + 0 - 9 - 9?
-6
Evaluate (-17 + 7 - 27 - -3) + 12.
-22
23 + -14 - (1 + (8 + -5 - 9))
14
-2 + 0 - (-3 + 7) - -7 - -7
8
Evaluate 13 + 11 + (-21 - -13).
16
289 + -290 + 4 + (0 - 1)
2
What is the value of -11 - (-5 + 5 + (-2 - 0))?
-9
Evaluate -33 + -22 + 20 + 20.
-15
Calculate (1 - 13 - (-137 + 130)) + -5.
-10
What is 1 + 26 + 9 + -8 - (-7 - -19)?
16
Calculate -4 + (-12 + -12 - -13) - 8.
-23
-90 + 98 - (14 + 3)
-9
(10 + -14 - -25) + -18
3
Calculate (-3 - (-1 - 4 - 11)) + 4 + -11.
6
What is (242 - 242) + 9 + 1?
10
What is the value of (17 - 36) + 1 + 10 + (2 - -23)?
17
(1 - 5) + -20 + 7 + -8 + 41
16
What is the value of 8 + (-23 - -1 - (-40 - -35))?
-9
Evaluate (-38 - -24) + 1 + (5 - -3).
-5
Evaluate 2 - 1 - (25 - ((-5 - -4) + 10)).
-15
16 - (-5 - (-19 + 9 - 0))
11
20 + -19 + 3 + -1 - (-19 - -15)
7
Calculate -12 + (22 - (-11 - -23)) + -12 + 0.
-14
What is the value of -5 + -3 - -1 - (2 - 9)?
0
What is -5 - (-3 + 2 - (-28 - (-4 - 10)))?
-18
What is the value of 3 - (-16 - ((-4 - -13) + -19))?
9
14 - 18 - ((-6 - -1) + 1 + 3)
-3
-6 + (-8 + 16 - 13) + 28
17
10 + -3 + 6 + 24 + -13
24
Evaluate (1 - 0) + 8 + (370 - 392).
-13
What is the value of -7 + 38 + -41 + -17?
-27
What is -67 - -77 - (-2 + 13)?
-1
Calculate -5 + (-3 + 7 - 2) + (47 - 53).
-9
Calculate -15 - -29 - ((2 - (-6 - -5)) + -1).
12
What is the value of 11 + (-9 - -16) - 2?
16
(-11 + 14 - 45) + (8 - -10)
-24
Evaluate -4 + (-6 + (-7 - -22) - -7).
12
28 + 13 + (-41 - -14)
14
What is -8 + -4 - (-6 - 3) - 7?
-10
What is -31 + -18 + 32 + 19?
2
16 - (-5 + 2 - (-23 - -2 - -16))
14
Calculate -17 + -4 + 8 + -3.
-16
What is the value of -3 + 5 - (0 + -11)?
13
Calculate -34 + 41 - (-2 - (5 - 4)).
10
What is 7 + 0 + 1 + (-5 - 8) - 28?
-33
Evaluate 39 + -39 + (0 - ((2 - -5) + 0)).
-7
What is (-3 - 0) + 1 + (1 - -9) - -7?
15
What is the value of 8 + (-1 - (-8 + 20)) - -13?
8
Evaluate -13 + 4 + -26 + 9 + 6.
-20
What is the value of (13 - 21 - -6) + 7?
5
What is -3 + -11 + 0 + 8 - (-19 + 0)?
13
14 - ((26 - 13 - -45) + -18)
-26
What is 27 - -3 - (293 + -290)?
27
What is the value of -1 - -1 - (16 + (2 - 8))?
-10
39 - -10 - (9 + 12)
28
What is 4 - (13 + 14 + -29)?
6
What is the value of (-12 - 0) + -5 + 7?
-10
9 + (-5 - (15 + (2 - 12))) - 9
-10
-32 + -8 + 37 + 27
24
-29 - (-67 - (-4 + -23))
11
Evaluate -16 + 10 + -1 + 12 - 16.
-11
What is the value of 255 + -224 + (-27 - -2)?
6
(-8 - (-19 + 38)) + 31
4
5 - -1 - (1 + (-35 - -27))
13
What is -7 - (6 + -2 + -2 + -14 + 8)?
-3
19 - (-13 + (-6 - -25))
13
Evaluate -5 + (-6 - -5 - ((9 - -1) + -13)).
-3
What is -1 + -6 + -2 + 9 - (17 + -3)?
-14
Calculate (21 - (-22 + 17)) + -45.
-19
-14 + -3 + -7 - -13
-11
What is 34 - (3 + 0 + -10 - (-188 + 187))?
40
What is the value of 5 + -30 + 11 - -29?
15
What is (-12 - (-6 - -4) - (2 - 7)) + 7?
2
-66 + 24 + (33 - 16)
-25
What is the value of (-38 - (-133 - -36)) + -25?
34
Calculate 5 + (-23 + 6 - -20).
8
(8 + -14 - -9 - 5) + 11 + -3
6
-18 + 19 + -9 - -2
-6
-11 + 7 + 1 + 0 + 0 - 7
-10
Calculate 0 + -12 + (3 + (-12 - -7) - -2).
-12
What is the value of 0 + (-8 + 27 - 18)?
1
(-5 - (-3 + 1)) + (-5 - (-9 - 3))
4
Calculate (1221 - 1206) + (-1 - 7 - 0).
7
15 + (-4 - (-4 + -1 - 1))
17
Evaluate -1 - 3 - 0 - -1 - -10.
7
What is the value of -4 + 12 + 2 - 2 - -14?
22
8 + 8 + -11 + (0 - -4)
9
Evaluate -8 - -11 - 0 - (1 - -9).
-7
Calculate -35 + 7 + (15 - (16 - 18)).
-11
Calculate 24 - (6 - (7 - 8)).
17
-17 + 1 + (2 + -14 - -8 - -2)
-18
What is the value of 7 + (-8 - (-1 + (-4 - -6)) - 22)?
-24
Evaluate (17 - 25) + (8 + -3 - 3) - -22.
16
What is the value of -6 + (-6 - -5) + 8 + 8?
9
Evaluate (11 - (75 + -38)) + -7.
-33
What is (-11 - (-32 + 10)) + -6?
5
Calculate 0 - 3 - (-13 - -3 - (-18 + 16)).
5
What is the value of -11 + 24 - 20 - -14?
7
What is 14 - (1 - (9 - 9))?
13
What is the value of 7 + -3 + -2 + (-6 - -9 - 1)?
4
Evaluate (-11 - (1 - 2)) + -1519 + 1534.
5
(3 + -5 - -2) + 0 + 1 - -7
8
What is 8 - ((-3 - (13 - 5)) + 14)?
5
-156 + 145 + (-26 + 28 - (0 + 13))
-22
Calculate -960 - -948 - (-23 + (1 - 0)).
10
Evaluate -1 + 10 + 3 + -5 + -19 + 11.
-1
Evaluate -5 + (-3 + 3 + -16 - (-7 - 0)).
-14
What is 23 + -2 + (-51 - -42)?
12
(2 - 2) + 3 + 551 + -557
-3
Evaluate -10 + 7 + -1 + 0 + 17.
13
Evaluate 3 - -5 - (-211 + 218 + (9 - 0)).
-8
Evaluat